{"id":2189,"date":"2025-07-15T10:13:15","date_gmt":"2025-07-15T13:13:15","guid":{"rendered":"https:\/\/homolog.meuprojetoweb.com.br\/website-voce-dm\/current\/?page_id=2189"},"modified":"2025-11-24T17:53:32","modified_gmt":"2025-11-24T20:53:32","slug":"regulamento-pix-credito","status":"publish","type":"page","link":"https:\/\/www.vocedm.com.br\/portal\/contratos\/regulamento-pix-credito\/","title":{"rendered":"Termo de Ades\u00e3o PIX com Saldo do Cart\u00e3o"},"content":{"rendered":"\n<p>Ap\u00f3s o aceite deste Termo, voc\u00ea poder\u00e1 realizar Pix, utilizando parte do limite do seu cart\u00e3o, conforme disponibilidade da DM e demais condi\u00e7\u00f5es do Contrato de Cart\u00e3o, dispon\u00edvel em:&nbsp;<a href=\"https:\/\/www.vocedm.com.br\/portal\/contratos\/contrato-de-cartao-de-credito\/\">https:\/\/www.vocedm.com.br\/portal\/contratos\/contrato-de-cartao-de-credito\/<\/a>.<\/p>\n\n\n\n<h3 class=\"wp-block-heading\">Sobre a fun\u00e7\u00e3o do Pix com saldo do cart\u00e3o:<\/h3>\n\n\n\n<p><strong>1.&nbsp;<\/strong>\u00c9 necess\u00e1rio que o valor informado no Pix somado ao valor da Taxa, seja menor que o limite dispon\u00edvel no seu cart\u00e3o, sendo poss\u00edvel usar um cart\u00e3o por transfer\u00eancia, selecionado por voc\u00ea.<\/p>\n\n\n\n<p><strong>2.<\/strong>&nbsp;A cobran\u00e7a do Valor Total (Valor do Pix, Taxa da transa\u00e7\u00e3o e do IOF) ser\u00e1 cobrado na sua pr\u00f3xima fatura do cart\u00e3o.<\/p>\n\n\n\n<p><strong>3.<\/strong>&nbsp;A transfer\u00eancia poder\u00e1 ser feita via chave Pix por: leitura de QR Code, copia e cola ou Pix manual, ap\u00f3s aceite da Taxa e valida\u00e7\u00e3o da biometria ou senha;<\/p>\n\n\n\n<p><strong>4.<\/strong>&nbsp;O Pix n\u00e3o poder\u00e1 ser realizado para o CPF da mesma titularidade do cart\u00e3o.<\/p>\n\n\n\n<h3 class=\"wp-block-heading\">Valores, taxas e data de vencimento:<\/h3>\n\n\n\n<p>As condi\u00e7\u00f5es s\u00e3o espec\u00edficas para cada contrata\u00e7\u00e3o e s\u00e3o apresentadas ao cliente nos momentos de simula\u00e7\u00e3o e contrata\u00e7\u00e3o.\u00a0<\/p>\n\n\n\n<p>Ap\u00f3s a realiza\u00e7\u00e3o do Pix com o cart\u00e3o, consulte<em> <\/em>as informa\u00e7\u00f5es no extrato do cart\u00e3o, pelo DM App.<\/p>\n\n\n\n<h3 class=\"wp-block-heading\">Comprovante do Pix:<\/h3>\n\n\n\n<p>Ap\u00f3s o aceite deste Termo e efetiva\u00e7\u00e3o da transfer\u00eancia, voc\u00ea ter\u00e1 acesso ao comprovante do Pix.<\/p>\n\n\n\n<h3 class=\"wp-block-heading\">Contatos DM:<\/h3>\n\n\n\n<p>Servi\u00e7o de Atendimento ao Cliente \u2013&nbsp;<a href=\"tel:08007025004\" target=\"_blank\" rel=\"noreferrer noopener\">0800 702 5004<\/a><\/p>\n\n\n\n<p>Chat &#8211;&nbsp;<a href=\"https:\/\/vocedm.com.br\/atendimento\" target=\"_blank\" rel=\"noreferrer noopener\">vocedm.com.br\/atendimento<\/a><\/p>\n","protected":false},"excerpt":{"rendered":"","protected":false},"author":1,"featured_media":0,"parent":142,"menu_order":0,"comment_status":"closed","ping_status":"closed","template":"","meta":{"_acf_changed":false,"inline_featured_image":false,"footnotes":""},"class_list":["post-2189","page","type-page","status-publish","hentry"],"acf":[],"yoast_head":"<!-- This site is optimized with the Yoast SEO plugin v25.6 - https:\/\/yoast.com\/wordpress\/plugins\/seo\/ -->\n<title>Termo de Ades\u00e3o PIX com Saldo do Cart\u00e3o - DM<\/title>\n<meta name=\"robots\" content=\"index, follow, max-snippet:-1, max-image-preview:large, max-video-preview:-1\" \/>\n<link rel=\"canonical\" href=\"https:\/\/www.vocedm.com.br\/portal\/contratos\/regulamento-pix-credito\/\" \/>\n<meta property=\"og:locale\" content=\"pt_BR\" \/>\n<meta property=\"og:type\" content=\"article\" \/>\n<meta property=\"og:title\" content=\"Termo de Ades\u00e3o PIX com Saldo do Cart\u00e3o - DM\" \/>\n<meta property=\"og:url\" content=\"https:\/\/www.vocedm.com.br\/portal\/contratos\/regulamento-pix-credito\/\" \/>\n<meta property=\"og:site_name\" content=\"DM\" \/>\n<meta property=\"article:modified_time\" content=\"2025-11-24T20:53:32+00:00\" \/>\n<meta name=\"twitter:card\" content=\"summary_large_image\" \/>\n<meta name=\"twitter:label1\" content=\"Est. tempo de leitura\" \/>\n\t<meta name=\"twitter:data1\" content=\"2 minutos\" \/>\n<script type=\"application\/ld+json\" class=\"yoast-schema-graph\">{\"@context\":\"https:\/\/schema.org\",\"@graph\":[{\"@type\":\"WebPage\",\"@id\":\"https:\/\/www.vocedm.com.br\/portal\/contratos\/regulamento-pix-credito\/\",\"url\":\"https:\/\/www.vocedm.com.br\/portal\/contratos\/regulamento-pix-credito\/\",\"name\":\"Termo de Ades\u00e3o PIX com Saldo do Cart\u00e3o - DM\",\"isPartOf\":{\"@id\":\"https:\/\/www.vocedm.com.br\/portal\/#website\"},\"datePublished\":\"2025-07-15T13:13:15+00:00\",\"dateModified\":\"2025-11-24T20:53:32+00:00\",\"breadcrumb\":{\"@id\":\"https:\/\/www.vocedm.com.br\/portal\/contratos\/regulamento-pix-credito\/#breadcrumb\"},\"inLanguage\":\"pt-BR\",\"potentialAction\":[{\"@type\":\"ReadAction\",\"target\":[\"https:\/\/www.vocedm.com.br\/portal\/contratos\/regulamento-pix-credito\/\"]}]},{\"@type\":\"BreadcrumbList\",\"@id\":\"https:\/\/www.vocedm.com.br\/portal\/contratos\/regulamento-pix-credito\/#breadcrumb\",\"itemListElement\":[{\"@type\":\"ListItem\",\"position\":1,\"name\":\"In\u00edcio\",\"item\":\"https:\/\/www.vocedm.com.br\/portal\/\"},{\"@type\":\"ListItem\",\"position\":2,\"name\":\"Contratos\",\"item\":\"https:\/\/www.vocedm.com.br\/portal\/contratos\/\"},{\"@type\":\"ListItem\",\"position\":3,\"name\":\"Termo de Ades\u00e3o PIX com Saldo do Cart\u00e3o\"}]},{\"@type\":\"WebSite\",\"@id\":\"https:\/\/www.vocedm.com.br\/portal\/#website\",\"url\":\"https:\/\/www.vocedm.com.br\/portal\/\",\"name\":\"DM\",\"description\":\"\",\"publisher\":{\"@id\":\"https:\/\/www.vocedm.com.br\/portal\/#organization\"},\"potentialAction\":[{\"@type\":\"SearchAction\",\"target\":{\"@type\":\"EntryPoint\",\"urlTemplate\":\"https:\/\/www.vocedm.com.br\/portal\/?s={search_term_string}\"},\"query-input\":{\"@type\":\"PropertyValueSpecification\",\"valueRequired\":true,\"valueName\":\"search_term_string\"}}],\"inLanguage\":\"pt-BR\"},{\"@type\":\"Organization\",\"@id\":\"https:\/\/www.vocedm.com.br\/portal\/#organization\",\"name\":\"DM\",\"url\":\"https:\/\/www.vocedm.com.br\/portal\/\",\"logo\":{\"@type\":\"ImageObject\",\"inLanguage\":\"pt-BR\",\"@id\":\"https:\/\/www.vocedm.com.br\/portal\/#\/schema\/logo\/image\/\",\"url\":\"https:\/\/www.vocedm.com.br\/portal\/wp-content\/uploads\/2025\/06\/logo_main_blue.svg\",\"contentUrl\":\"https:\/\/www.vocedm.com.br\/portal\/wp-content\/uploads\/2025\/06\/logo_main_blue.svg\",\"width\":39,\"height\":40,\"caption\":\"DM\"},\"image\":{\"@id\":\"https:\/\/www.vocedm.com.br\/portal\/#\/schema\/logo\/image\/\"}}]}<\/script>\n<!-- \/ Yoast SEO plugin. -->","yoast_head_json":{"title":"Termo de Ades\u00e3o PIX com Saldo do Cart\u00e3o - DM","robots":{"index":"index","follow":"follow","max-snippet":"max-snippet:-1","max-image-preview":"max-image-preview:large","max-video-preview":"max-video-preview:-1"},"canonical":"https:\/\/www.vocedm.com.br\/portal\/contratos\/regulamento-pix-credito\/","og_locale":"pt_BR","og_type":"article","og_title":"Termo de Ades\u00e3o PIX com Saldo do Cart\u00e3o - DM","og_url":"https:\/\/www.vocedm.com.br\/portal\/contratos\/regulamento-pix-credito\/","og_site_name":"DM","article_modified_time":"2025-11-24T20:53:32+00:00","twitter_card":"summary_large_image","twitter_misc":{"Est. tempo de leitura":"2 minutos"},"schema":{"@context":"https:\/\/schema.org","@graph":[{"@type":"WebPage","@id":"https:\/\/www.vocedm.com.br\/portal\/contratos\/regulamento-pix-credito\/","url":"https:\/\/www.vocedm.com.br\/portal\/contratos\/regulamento-pix-credito\/","name":"Termo de Ades\u00e3o PIX com Saldo do Cart\u00e3o - DM","isPartOf":{"@id":"https:\/\/www.vocedm.com.br\/portal\/#website"},"datePublished":"2025-07-15T13:13:15+00:00","dateModified":"2025-11-24T20:53:32+00:00","breadcrumb":{"@id":"https:\/\/www.vocedm.com.br\/portal\/contratos\/regulamento-pix-credito\/#breadcrumb"},"inLanguage":"pt-BR","potentialAction":[{"@type":"ReadAction","target":["https:\/\/www.vocedm.com.br\/portal\/contratos\/regulamento-pix-credito\/"]}]},{"@type":"BreadcrumbList","@id":"https:\/\/www.vocedm.com.br\/portal\/contratos\/regulamento-pix-credito\/#breadcrumb","itemListElement":[{"@type":"ListItem","position":1,"name":"In\u00edcio","item":"https:\/\/www.vocedm.com.br\/portal\/"},{"@type":"ListItem","position":2,"name":"Contratos","item":"https:\/\/www.vocedm.com.br\/portal\/contratos\/"},{"@type":"ListItem","position":3,"name":"Termo de Ades\u00e3o PIX com Saldo do Cart\u00e3o"}]},{"@type":"WebSite","@id":"https:\/\/www.vocedm.com.br\/portal\/#website","url":"https:\/\/www.vocedm.com.br\/portal\/","name":"DM","description":"","publisher":{"@id":"https:\/\/www.vocedm.com.br\/portal\/#organization"},"potentialAction":[{"@type":"SearchAction","target":{"@type":"EntryPoint","urlTemplate":"https:\/\/www.vocedm.com.br\/portal\/?s={search_term_string}"},"query-input":{"@type":"PropertyValueSpecification","valueRequired":true,"valueName":"search_term_string"}}],"inLanguage":"pt-BR"},{"@type":"Organization","@id":"https:\/\/www.vocedm.com.br\/portal\/#organization","name":"DM","url":"https:\/\/www.vocedm.com.br\/portal\/","logo":{"@type":"ImageObject","inLanguage":"pt-BR","@id":"https:\/\/www.vocedm.com.br\/portal\/#\/schema\/logo\/image\/","url":"https:\/\/www.vocedm.com.br\/portal\/wp-content\/uploads\/2025\/06\/logo_main_blue.svg","contentUrl":"https:\/\/www.vocedm.com.br\/portal\/wp-content\/uploads\/2025\/06\/logo_main_blue.svg","width":39,"height":40,"caption":"DM"},"image":{"@id":"https:\/\/www.vocedm.com.br\/portal\/#\/schema\/logo\/image\/"}}]}},"_links":{"self":[{"href":"https:\/\/www.vocedm.com.br\/portal\/wp-json\/wp\/v2\/pages\/2189","targetHints":{"allow":["GET"]}}],"collection":[{"href":"https:\/\/www.vocedm.com.br\/portal\/wp-json\/wp\/v2\/pages"}],"about":[{"href":"https:\/\/www.vocedm.com.br\/portal\/wp-json\/wp\/v2\/types\/page"}],"author":[{"embeddable":true,"href":"https:\/\/www.vocedm.com.br\/portal\/wp-json\/wp\/v2\/users\/1"}],"replies":[{"embeddable":true,"href":"https:\/\/www.vocedm.com.br\/portal\/wp-json\/wp\/v2\/comments?post=2189"}],"version-history":[{"count":3,"href":"https:\/\/www.vocedm.com.br\/portal\/wp-json\/wp\/v2\/pages\/2189\/revisions"}],"predecessor-version":[{"id":2734,"href":"https:\/\/www.vocedm.com.br\/portal\/wp-json\/wp\/v2\/pages\/2189\/revisions\/2734"}],"up":[{"embeddable":true,"href":"https:\/\/www.vocedm.com.br\/portal\/wp-json\/wp\/v2\/pages\/142"}],"wp:attachment":[{"href":"https:\/\/www.vocedm.com.br\/portal\/wp-json\/wp\/v2\/media?parent=2189"}],"curies":[{"name":"wp","href":"https:\/\/api.w.org\/{rel}","templated":true}]}}